98*j + 1 - 101*j + 209*j. Calculate s(-1).
-9
Suppose 0 = 5*l + 5*r + 35, -2*r = -l - 2*l - 11. Let k(y) = -y + 1. Let n(u) = u**3 + 5*u**2 - 3*u. Let z(j) = 5*k(j) - n(j). Determine z(l).
15
Let h be 78/24 + (-9)/(-12). Let u(w) = -7 - w + 0*w + 0*w + 2*w. Give u(h).
-3
Let o be (-32)/(-18) + 22/99. Let p(r) = r**3 + 3 - r**3 + 14*r**o + 2*r + r**3 - 9*r**2. What is p(-5)?
-7
Let m(i) = i - 1. Let n be m(2). Let s(l) be the second derivative of -4/3*l**3 - 2*l + 0 + 0*l**2. Determine s(n).
-8
Let a(s) = -s**3 - 8*s**2 - s - 5. Let l be -3 - -25 - (-7 + 5 + 3). Suppose 14*c - l*c = 56. Give a(c).
3
Let n(s) = 0*s**3 + 3*s**2 - s**3 + 4*s**2 + 5 - 10*s**2. Calculate n(-3).
5
Let p(u) = -2*u**2 + u + 1. Let a(c) = -3*c**2 + 1 + 4*c**2 + 0*c**3 + 3*c**3 - c. Let l be a(1). Suppose 0 = -2*x - 0*x + l. What is p(x)?
-5
Let t(u) = u - 8. Let g(r) = -r**2 + 5*r + 16. Let d be g(8). Let p be d/(-5)*(-5 + 10). Calculate t(p).
0
Let p(d) = 2*d + 5. Let f = 62 - 48. Let t = f + -19. What is p(t)?
-5
Let w be (-9)/15 + 28/5. Let u be 2*-3*(2 + (-21)/9). Let y(z) = -57 - 5*z**2 + 53 + z**3 - 2*z + u*z. What is y(w)?
-4
Let a(v) = 3 + 303*v - 6 - 302*v. Suppose 2*z + f = 4, -3*z - 4*f = f - 6. Determine a(z).
-1
Suppose 0 = -3*h + 10 - 19. Let t(r) = -4*r + 1 + 0*r - 2*r + 1. Calculate t(h).
20
Let t(y) be the second derivative of 2*y**2 - 1/6*y**3 - 6*y + 3 - 1/12*y**4. Let r be (-18)/(-4) + (-2)/4. Calculate t(r).
-16
Let n(m) = -m**3 + m**2 + m - 5. Suppose 67*q + 120 = 97*q. Calculate n(q).
-49
Let t(i) = -2*i - 14. Let x = -18 - -12. Let u be t(x). Let v be -2 - 0*u/(-6). Let j(y) = 2*y**3 + 2*y**2 - 2*y. Calculate j(v).
-4
Let l(g) = 6*g - 35. Suppose 29*f - 27*f - 10 = 0. Calculate l(f).
-5
Let v(u) = -u**3 - 3*u**2 - 3*u - 3. Let s(d) = -2*d**2 + 3*d - 1. Let z = 3 + -1. Let j be s(z). Let y(g) = -g**2 - 3*g - 3. Let p be y(j). Determine v(p).
6
Let b(o) be the first derivative of o**4/4 + 7*o**3/3 + 7*o**2/2 + 16*o - 262. Determine b(-6).
10
Let b(i) be the first derivative of -i**4/4 + i**3/3 + i**2/2 - 2*i + 6. Give b(-2).
8
Let q(x) be the third derivative of -x**6/120 + x**5/30 - x**4/6 - x**3/3 + 3*x**2 - 32*x. Determine q(4).
-50
Let a = 193 - 649. Let x be a/(-95) + (-1)/(-5). Let h(d) = -d - 1. Let z be h(x). Let m(l) = l**2 + 4*l + 1. Give m(z).
13
Let i(v) = -v**3 - 13*v**2 + 14*v + 14. Suppose 95 = -5*z - 26*b + 31*b, 0 = 2*z - 4*b + 48. Give i(z).
14
Let z(y) = -y**3 + 4 + 2*y + 2*y**2 - 6 + 2*y. Suppose 16*t = 17*t - 6. Suppose 0 = -m + 4*m - 5*a + t, 5*m - 12 = a. What is z(m)?
1
Suppose -2*k - k + 3*q - 12 = 0, 2*q - 12 = -2*k. Let s be 0 - 0/(-2 + k). Let p(j) be the third derivative of -j**4/24 + j**3/2 + 513*j**2. Determine p(s).
3
Let k be 2*-1 - 4/(-2). Let q = k + 2. Let y(u) = 0*u**2 + 0*u**2 - 1 + 2*u + 6*u**3 - 7*u**3. Give y(q).
-5
Let u(s) be the second derivative of s**4/12 + 3*s**3/2 - 7*s**2/2 + 6*s + 42. Calculate u(-6).
-25
Suppose -76*n + 397 + 287 = 0. Let p(i) be the second derivative of -i**4/12 + 5*i**3/3 - 2*i**2 + i. Determine p(n).
5
Let z(h) be the second derivative of h**5/20 + 2*h**4/3 + 4*h**3/3 + 5*h**2/2 + 854*h. Let c be 44/(-6) + 2/6. Give z(c).
-2
Let j(x) = 4*x + 17. Let c(p) = -p - 4. Let g(b) = 9*c(b) + 2*j(b). Let t(s) = -s**2 + 9*s - 16. Let u be t(7). Determine g(u).
0
Let m(z) be the third derivative of z**4/12 - z**3/2 + 37*z**2. Suppose 0 = -3*b - 0*b + 6. Calculate m(b).
1
Let a(x) be the third derivative of -x**6/120 - x**5/12 - 7*x**4/24 - 5*x**3/6 - 131*x**2. What is a(-5)?
30
Let m(d) = 5*d**3 - d**2 + d - 1. Let h be m(1). Suppose -h = 2*s - 0. Let a(i) = -44*i - 51*i - 47*i - 54*i - 53*i + 1 + 243*i. Calculate a(s).
13
Suppose -4*u = -12 - 24. Let y = 11 - u. Let d(s) = s - 2 - 4 - y*s + 0*s. Calculate d(0).
-6
Let h(f) = -3*f**3 - 3*f**2 - 15*f + 7. Let l(p) = p**3 + 2*p**2 + 7*p - 3. Let a(r) = -2*h(r) - 5*l(r). Suppose 4*j + d = 17, j + 29 = 5*j - 3*d. Give a(j).
1
Let h be 3/(-7) + 155/35. Suppose -h*d + 5*i - 1 = 23, 0 = 3*d - 4*i + 18. Let k(n) = n**2 + 5*n. Determine k(d).
6
Let n(i) = -5*i + 3. Let m(o) = -o**3 - o**2 - 3*o - 1. Let z be m(-1). Give n(z).
-7
Let p(s) = -s**2 - 8*s - 14. Let k(i) = -i**2 + 2*i + 2. Let m(g) = 6*k(g) + p(g). Give m(2).
-22
Let i(z) be the first derivative of 3/2*z**2 - z - 5. Calculate i(1).
2
Let z(i) = i + 1. Suppose 0*b + 20 = -4*b. Let q(x) = x + 1. Let u(w) = b*q(w) + 4*z(w). Let p(l) = -l**3 + 5*l**2 - l + 3. Let t be p(5). Give u(t).
1
Let o(f) be the first derivative of -f**2 - 4*f + 2. Let d be (-2 - 1)*((-12)/2)/(-6). What is o(d)?
2
Let d = 29 + -24. Let s(i) = -i**3 + 4*i**2 + 6*i + 7. Give s(d).
12
Suppose 0 = 2*a + 14. Let y(x) be the first derivative of -7/3*x**3 + 0*x**2 - 1/4*x**4 - 13 + x. Give y(a).
1
Let d(x) = -2*x**2 - 9*x + 15. Let a(m) = 3*m**2 + 18*m - 29. Let h(r) = 3*a(r) + 5*d(r). Determine h(9).
-12
Let k(j) = -j**2 + 6*j + 3. Let f be (-1*7/21)/(1/(-21)). Determine k(f).
-4
Let k(l) = -l**3 + 1. Let d(i) = -4*i**3 + 3*i**2 - 2*i + 1. Let j(a) = d(a) - 3*k(a). Determine j(2).
-2
Let o(q) = -67*q + 91. Let u(b) = 22*b - 34. Let n(c) = 3*o(c) + 8*u(c). Give n(1).
-24
Let r(n) = n**2 + 6*n + 2. Suppose -5*o + 6*o = 5*p - 10, -4*p + 4 = 0. What is r(o)?
-3
Let c(l) be the first derivative of -l - 18. Let x(t) = 2*t + 13. Let u(v) = 6*c(v) + x(v). Give u(-6).
-5
Let p = 22 + -13. Let o be (-8)/2*p/(-18). Let t(f) = 2*f + f**o + f**3 + 2 + f**2 + 2*f - 7*f**2. What is t(4)?
2
Suppose -75 = -13*b + 18*b. Let r(j) = j**2 + 13*j - 31. What is r(b)?
-1
Let o be 1 + -1 + 64/16. Let a = -2 + o. Suppose a*d - 4*d + 5*h - 11 = 0, 0 = -5*d - 4*h + 22. Let m(x) = -x**2 + 2*x + 1. Determine m(d).
1
Let q(s) be the first derivative of -s**3/3 + s**2 + 11*s + 113. Give q(-5).
-24
Suppose -6*g = -8*g + 4. Let q(h) = 0*h**g - h**2 + 60 - 63 + 6*h. What is q(5)?
2
Suppose -2*q - 37 = 3*q - 4*w, 0 = -4*q - 3*w - 11. Let u(c) = -11*c**2 + 6*c + 5. Let d(z) = -2*z**2. Let b(v) = 6*d(v) - u(v). What is b(q)?
0
Let f(r) = -5*r + 67. Let w(x) = x - 13. Let n(j) = 2*f(j) + 11*w(j). What is n(6)?
-3
Let m(q) = -5*q**3 + 12*q**2 - 4*q + 4. Let b(z) = 2*z**3 - 4*z**2 + z - 3. Let s(p) = 8*b(p) + 3*m(p). Calculate s(-5).
-17
Suppose -n + 3*w - 2 = 3, -3*w = -12. Let d(f) = -3 - n*f - 6*f + 12*f. Calculate d(-3).
0
Let c(m) be the first derivative of m**4/12 + m**3/2 + m**2/2 - 29. Let y(z) be the second derivative of c(z). Determine y(-4).
-5
Let x(g) = -g**3 - 2*g**2 + 2*g - 3. Let b be 22*-3*(-3)/(-18). Let l(p) = -p**3 - 9*p**2 + 23*p + 8. Let i be l(b). What is x(i)?
0
Suppose -3*n + 0*p + p = 0, 3*n - 3*p = 0. Let w(h) = -h - 1 - 5 - 2 + n*h. Give w(-7).
-1
Let g(p) = 12*p + 4*p - 28 - 14*p. Let z be g(11). Let y(k) = -k + 5*k**2 + k**3 - 1 - 8*k + 3*k. What is y(z)?
-1
Let z(q) = 0*q**2 + 5*q**2 + 3*q**2 - 4*q**2 - 6*q + 3 - 6*q**2. Calculate z(-5).
-17
Let b(j) = j**2 - 3*j + 2. Let f be b(3). Let g be 558/434 + (-4)/14. Let m(x) = -4 - g + f*x**2 + 3 - 2*x + 3. Calculate m(3).
13
Let i(j) = -3*j**3 - 6*j**2 - j + 3. Let t(n) = 7*n**3 + 13*n**2 + n - 7. Let a(z) = -5*i(z) - 2*t(z). What is a(-3)?
-1
Let q(c) = 4*c**3 + 10*c**2 + 4*c + 2. Let h(v) = v**3 + v**2 + 1. Let y(f) = -3*h(f) + q(f). Suppose 0 = a + 2*w + 2, -3*a - w = w + 14. Give y(a).
11
Let g(s) = -2*s**3 + s**2 - s + 1. Let k be g(1). Let c(d) = 12*d + 11. Let i(q) = -13*q - 13. Let l(u) = -6*c(u) - 5*i(u). Determine l(k).
6
Let v(t) = 2*t - 2. Let x be 10/45 - 8/(-360)*-55. Calculate v(x).
-4
Let k = -12 + 42. Let w = k - 24. Let t(q) = 5*q**2 - q**3 + 8 + q**2 + q - 4*q. Calculate t(w).
-10
Let i = -1163 - -1155. Let p(k) = k + 7. Calculate p(i).
-1
Suppose 3 = g + 2*d - 0*d, 3*g + 4*d = 13. Suppose 0*k - 3*k + 9 = 0. Let w(v) = -6 + 13 + k*v - v**2 + 0*v + 3*v. Calculate w(g).
0
Let d(x) = x**2 + 3*x - 2. Let l = 12 + -9. Let j be 1*(-3 - l/1). Give d(j).
16
Let w(l) = 7*l + 3. Let s be w(19). Let k(d) = 3*d + 138 - d - d**2 - s - 5*d. Give k(-3).
2
Let j(m) = m. Let q(k) = k**2 + 3*k - 1. Let a(v) = 12*v - 6. Let o be a(2). Let i = o + -18. Let n be q(i). Determine j(n).
-1
Let l(b) be the first derivative of b**4/4 - 2*b**3 - 2*b**2 + 21*b - 118. What is l(6)?
-3
Let o be (-2 + 14/4)*-6. Let r(m) = m**3 + 8*m**2 - 10*m - 10. Let c be r(o). Let i(p) be the second derivati